-198)/24)/((-2)/(-264)*-3). Calculate the greatest common divisor of m and 165.
33
Let j = 5292 + -1635. Calculate the highest common divisor of 138 and j.
69
Let b(m) = m**2 - 3*m + 5. Let i be b(4). Suppose -12*x + 4329 = 549. Suppose x*c = 317*c - 18. Calculate the highest common divisor of c and i.
9
Suppose i = -i + 18. Let k(j) = -j**3 + 17*j**2 - 61*j + 27. Let m be k(10). What is the greatest common factor of m and i?
9
Let f(g) = 483*g + 2427. Let u be f(-5). Calculate the highest common divisor of 15990 and u.
6
Suppose 2*i - 2192 = 3*v, -3*i + 2618 = v - 681. Calculate the highest common factor of i and 35.
7
Let s(r) = -25*r + 13. Let q be s(-2). Let y = q + -46. Suppose 3*z = -2*z + 680. Calculate the greatest common factor of y and z.
17
Suppose 155*l + 429825 = 464*l - 233907. Calculate the highest common divisor of 132 and l.
12
Let m be 0 + 1 - 9*(-13)/13. Suppose 3024 = m*u - u. Calculate the greatest common factor of u and 48.
48
Let z = 38 - 36. Let i(q) = 46*q**2 + 3*q - 1. Let v be i(z). Let m be v*1*(-5)/(-1 - 4). Calculate the greatest common divisor of m and 27.
27
Suppose -188809 + 118072 = -78*u + 219423. What is the highest common factor of 1085 and u?
155
Suppose -105*z + 95*z - 10 = 0. Let o be (z + 2/(-10))/((-106)/6360). Calculate the highest common divisor of o and 90.
18
Let p be (-8)/14 - (77/(-196))/(19/89452). What is the greatest common divisor of 86 and p?
43
Suppose -72 = -4*s - 3*q, 2*s - 4*q + 3*q = 46. Suppose -3*l - 312 = -2328. What is the highest common factor of l and s?
21
Let a be ((-14)/(-2))/((-1)/(-6)). Let v be (-1314)/a - 2/(-7). Let p = v - -36. Calculate the highest common factor of 15 and p.
5
Suppose -2*g - 5*z = -1866, -745 = 4*g - 2*z - 4429. Calculate the highest common divisor of 5 and g.
1
Suppose 4*q - 4*z - 3852 = 0, -5625 + 818 = -5*q - 3*z. What is the highest common divisor of 52 and q?
26
Suppose 4*h = 11 + 9, -3*h = -5*u + 2085. Suppose k + 4*l - 167 = 0, -2*k - 5*l - 83 = -u. Calculate the highest common divisor of k and 19.
19
Suppose 5*k = 5*m + k - 327, 0 = m - k - 66. What is the highest common factor of m and 1575?
63
Suppose -39*d + 62 = -328. What is the greatest common divisor of d and 4050?
10
Let o = 155 + 5. Calculate the greatest common divisor of o and 10.
10
Let d = -980 + 1275. Calculate the greatest common factor of d and 1003.
59
Suppose -36*j + 504 = -34*j. Suppose 24*o - 17*o - 252 = 0. Calculate the highest common factor of o and j.
36
Suppose 44*z - 37705 - 23587 = 0. Calculate the greatest common divisor of z and 995.
199
Let t be 2*3/15 - 471/15. Let s be 2/(t/8 - -4). Calculate the greatest common divisor of 4 and s.
4
Let k = 258 - 183. Suppose -k*x + 336 = -68*x. Calculate the highest common divisor of 336 and x.
48
Suppose -297*p + 22 = -295*p. Let c = 1 + 25. Let o = 62 + c. Calculate the highest common factor of o and p.
11
Suppose 0 = 5*c - 5*y - 33295, y - 341 = 5*c - 33624. What is the greatest common factor of c and 26?
26
Let i be (408/48)/17 + 1538/4. Calculate the highest common factor of i and 1309.
77
Let i be (-2 + 7 + (-20)/3)*3. Let p be (24/10)/(i/((-1050)/12)). Calculate the greatest common divisor of 154 and p.
14
Let k(b) = -23*b - 51. Let g be k(-137). What is the greatest common divisor of 100 and g?
100
Suppose 6*g + 510 = g. Let i = -1299 - -1176. Let n = g - i. What is the greatest common divisor of 9 and n?
3
Let k = -175 - -168. Let u(p) = -p**3 - 4*p**2 - 5*p - 12. Let q be u(k). What is the greatest common divisor of 10 and q?
10
Suppose -3*c - k + 149 = 4*k, -4*c = -k - 191. Let b = -185 - -264. Suppose 0 = 73*j - b*j + 432. Calculate the highest common divisor of c and j.
24
Let v(g) = g**3 - 251*g**2 - 1799*g - 1706. Let f be v(258). Let r(z) = -7*z + 5. Let o be r(-5). Calculate the greatest common factor of f and o.
20
Suppose -2575 + 11589 = 18*c - 7222. What is the greatest common divisor of c and 242?
22
Let f = -226 - -246. Let q be (f/12)/(7/357). What is the highest common divisor of q and 34?
17
Let w be (210/(-4))/(486/(-324)). Calculate the highest common factor of 1505 and w.
35
Let c(d) = 5*d. Let s be c(-7). Let h = s - -104. Suppose 20*o = 22*o + n - 52, 2*o = 5*n + 16. What is the highest common factor of h and o?
23
Suppose -n - 4*a + 0*a = 25, 0 = -3*n + 4*a + 5. Let c be (-3)/n + 732/30. What is the greatest common divisor of c and 50?
25
Let c(g) = -23*g + 1. Let r be c(-2). Let q(s) = -2*s**2 - 139*s - 203. Let i be q(-68). What is the highest common divisor of r and i?
1
Let i be 16/5 + (-12)/(-60)*4. Let h be (-2)/(i*4/(-24)) + 5. Suppose 4*v - 484 = 124. Calculate the greatest common divisor of v and h.
8
Let m be (-3 + -3 + 7)*7. Let r be m + (12/(-10))/((-10)/(-25)). What is the greatest common divisor of 10 and r?
2
Suppose 8*p - 264 = 12*p. Let j = 83 + p. Calculate the highest common divisor of j and 17.
17
Suppose -23*r + 6*r = -289. Let p = r - 12. What is the highest common divisor of 15 and p?
5
Let t(w) = -497*w - 4054. Let j be t(-13). What is the highest common factor of j and 29?
29
Suppose -33*n + 3720 = 87*n. Let c be -1 + -327*(-4)/6. Calculate the highest common factor of c and n.
31
Let s(m) = -m**3 - 25*m**2 + 4*m - 40. Let g be s(-26). What is the greatest common factor of g and 448?
28
Let y be (-28 - -47 - -215)*(-2)/(-2). Calculate the greatest common divisor of y and 1989.
117
Let m(t) = t**2 - 116*t + 138*t + 0*t**2 + 18 - 7. Let f be m(-22). What is the greatest common divisor of f and 396?
11
Let i = -5938 - -6288. Calculate the highest common factor of 1428 and i.
14
Let g be 4/(52/117) - -376. Suppose 3*k + 18 = -5*r + 208, -5*r + 260 = 4*k. Calculate the highest common divisor of g and k.
35
Let t be (-1216)/(-24)*2 + 10/15. What is the highest common factor of 36 and t?
6
Let m(p) = -17*p**2 - 2*p**3 + 0*p**3 - 2*p + 3*p**3 + 3*p - 21. Let x be m(17). Let o be x/(-10) - (-345)/75. Calculate the greatest common factor of 5 and o.
5
Let d be (12/(-5))/(-18*3/405). Let w(v) = 43*v**2 - 7*v + 6. Let l be w(4). Calculate the highest common divisor of l and d.
18
Let m be -1*1/3*-33. Let t be 52/(-91) + (-1663)/(-7). Suppose 0 = -t*q + 230*q + 539. Calculate the greatest common factor of q and m.
11
Let y = 2192 - 2117. Calculate the greatest common divisor of y and 975.
75
Suppose -15*d - 4*n = -10*d + 584, -2*d - 234 = 2*n. Let w = 148 + d. Calculate the greatest common divisor of 44 and w.
4
Suppose -177*r + 6725 = 179*r - 351*r. What is the greatest common factor of 2959 and r?
269
Suppose 0 = -59*x + 60*x + 5, 2*r - 5*x - 109 = 0. Suppose 45*l = r*l + 12. Calculate the greatest common factor of 17 and l.
1
Let t(r) = -r + 1. Let s(j) = -3*j**3 - 11*j**2 - 27*j + 5. Let u(m) = s(m) - 6*t(m). Let v be u(-5). What is the highest common divisor of 36 and v?
12
Let m(q) = 3*q + 96. Let p be m(-30). Suppose 362 - 344 = p*x. Calculate the highest common divisor of 123 and x.
3
Let i = 1568 + -956. What is the highest common factor of 36 and i?
36
Suppose 0 = 16*j - 0*j. Suppose j = -19*k + 30*k - 231. What is the highest common divisor of 105 and k?
21
Let j = 4556 - 4475. What is the highest common divisor of 87 and j?
3
Let s(v) be the second derivative of v**5/20 + v**4/4 + v**3/3 + 4*v**2 - 13*v + 1. Let l be s(0). Calculate the greatest common factor of 10 and l.
2
Let v = 118 - 99. Let x(i) = -i + 84. Let s be x(v). Let k = 63 - 58. Calculate the greatest common factor of s and k.
5
Let r = -6432 - -6456. Calculate the greatest common divisor of r and 11112.
24
Let i = -9591 + 10557. Calculate the greatest common divisor of 2737 and i.
161
Let q(n) = 52*n - 507. Let m be q(42). Calculate the highest common factor of m and 273.
39
Let z be ((-6)/9)/(2/(-30)). Let k be 36 + 0 + (8 - 9). Let r be (2*(-5)/7)/((-1)/k). What is the greatest common divisor of r and z?
10
Let f(p) = -p**2 - 22*p - 27. Let k(i) = -i**3 + 20*i**2 + 21*i - 19. Let g be k(21). Let d be f(g). What is the highest common divisor of d and 12?
6
Let p be (4/(-12)*(-195)/(-25))/((-1)/5). Suppose -3*b + 2*j = -558 - 4, -4*j - 380 = -2*b. Let s = 329 - b. What is the greatest common divisor of s and p?
13
Let j be (-42)/(-4) - (-1)/(-2). Let k be 1*(5/6)/((-18)/(-108)). Suppose g + 0*g - 15 = 3*h,